{"id":20,"date":"2018-03-22T21:15:33","date_gmt":"2018-03-22T20:15:33","guid":{"rendered":"http:\/\/avsplus.fr\/?page_id=20"},"modified":"2019-06-13T16:20:38","modified_gmt":"2019-06-13T14:20:38","slug":"climatisation-sezanne","status":"publish","type":"page","link":"https:\/\/henriot-froid.fr\/index.php\/ets-henriot-sas\/climatisation-sezanne\/","title":{"rendered":"CLIMATISATION"},"content":{"rendered":"<p><strong>CLIMATISATION TECHNIQUE ET DE CONFORT\u00a0:<\/strong><\/p>\n<p>-Particulier<\/p>\n<p>-Salle informatique.<\/p>\n<p>-Ensemble de bureaux.<\/p>\n<p>-Restaurants.<\/p>\n<p>-Petite et Moyenne surface ou industrie.<\/p>\n<p>-Imprimeries.<\/p>\n<p>-Locaux d\u2019accueil.<\/p>\n<p>-Magasins\u00a0: Pr\u00eat-\u00e0-porter, coiffeurs, bijoutiers, magasins alimentaires sp\u00e9cialis\u00e9s.<\/p>\n<p>\u00a0<\/p>\n<p>\u00c9tude de vos besoins en climatisation professionnelle.<\/p>\n<p>Notre \u00e9quipe commencera par \u00e9tudier vos besoins en mati\u00e8re de climatisation professionnelle sur SEZANNE. Les applications peuvent en effet \u00eatre vari\u00e9es. Une climatisation professionnelle peut simplement \u00eatre utilis\u00e9e pour vos bureaux. En parall\u00e8le, un syst\u00e8me de climatisation peut servir pour votre salle informatique ou pour d\u2019autres besoins professionnels. Chaque secteur d\u2019activit\u00e9 pr\u00e9sente des besoins sp\u00e9cifiques. Toutefois, notre exp\u00e9rience nous permet de conna\u00eetre les sp\u00e9cificit\u00e9s de la plupart d\u2019entre eux. En tout cas, la d\u00e9finition pr\u00e9cise de vos besoins est indispensable pour la constitution d\u2019une proposition parfaitement adapt\u00e9e.<\/p>\n<p>\u00a0<\/p>\n\n\n<ul class=\"wp-block-gallery columns-4 wp-block-gallery-1 is-layout-flex wp-block-gallery-is-layout-flex\"><li class=\"blocks-gallery-item\"><figure><img loading=\"lazy\" decoding=\"async\" width=\"555\" height=\"416\" src=\"http:\/\/henriot-froid.fr\/wp-content\/uploads\/2019\/04\/IMG_2063.jpg\" alt=\"\" data-id=\"117\" data-link=\"http:\/\/henriot-froid.fr\/index.php\/climatisation\/img_2063\/\" class=\"wp-image-117\" srcset=\"https:\/\/henriot-froid.fr\/wp-content\/uploads\/2019\/04\/IMG_2063.jpg 555w, https:\/\/henriot-froid.fr\/wp-content\/uploads\/2019\/04\/IMG_2063-300x225.jpg 300w\" sizes=\"(max-width: 555px) 100vw, 555px\" \/><\/figure><\/li><li class=\"blocks-gallery-item\"><figure><img loading=\"lazy\" decoding=\"async\" width=\"1024\" height=\"768\" src=\"http:\/\/henriot-froid.fr\/wp-content\/uploads\/2019\/04\/Pharmacie-Orbin-1-1024x768.jpg\" alt=\"\" data-id=\"118\" data-link=\"http:\/\/henriot-froid.fr\/index.php\/climatisation\/pharmacie-orbin-1\/\" class=\"wp-image-118\" srcset=\"https:\/\/henriot-froid.fr\/wp-content\/uploads\/2019\/04\/Pharmacie-Orbin-1-1024x768.jpg 1024w, https:\/\/henriot-froid.fr\/wp-content\/uploads\/2019\/04\/Pharmacie-Orbin-1-300x225.jpg 300w, https:\/\/henriot-froid.fr\/wp-content\/uploads\/2019\/04\/Pharmacie-Orbin-1-768x576.jpg 768w, https:\/\/henriot-froid.fr\/wp-content\/uploads\/2019\/04\/Pharmacie-Orbin-1-800x600.jpg 800w\" sizes=\"(max-width: 1024px) 100vw, 1024px\" \/><\/figure><\/li><li class=\"blocks-gallery-item\"><figure><img loading=\"lazy\" decoding=\"async\" width=\"1024\" height=\"768\" src=\"http:\/\/henriot-froid.fr\/wp-content\/uploads\/2019\/04\/Pharmacie-Orbin-1024x768.jpg\" alt=\"\" data-id=\"119\" data-link=\"http:\/\/henriot-froid.fr\/index.php\/climatisation\/pharmacie-orbin\/\" class=\"wp-image-119\" srcset=\"https:\/\/henriot-froid.fr\/wp-content\/uploads\/2019\/04\/Pharmacie-Orbin-1024x768.jpg 1024w, https:\/\/henriot-froid.fr\/wp-content\/uploads\/2019\/04\/Pharmacie-Orbin-300x225.jpg 300w, https:\/\/henriot-froid.fr\/wp-content\/uploads\/2019\/04\/Pharmacie-Orbin-768x576.jpg 768w, https:\/\/henriot-froid.fr\/wp-content\/uploads\/2019\/04\/Pharmacie-Orbin-800x600.jpg 800w\" sizes=\"(max-width: 1024px) 100vw, 1024px\" \/><\/figure><\/li><li class=\"blocks-gallery-item\"><figure><img loading=\"lazy\" decoding=\"async\" width=\"1024\" height=\"768\" src=\"http:\/\/henriot-froid.fr\/wp-content\/uploads\/2019\/04\/Clim-bureau-1024x768.jpg\" alt=\"\" data-id=\"149\" data-link=\"http:\/\/henriot-froid.fr\/index.php\/climatisation\/clim-bureau\/\" class=\"wp-image-149\" srcset=\"https:\/\/henriot-froid.fr\/wp-content\/uploads\/2019\/04\/Clim-bureau-1024x768.jpg 1024w, https:\/\/henriot-froid.fr\/wp-content\/uploads\/2019\/04\/Clim-bureau-300x225.jpg 300w, https:\/\/henriot-froid.fr\/wp-content\/uploads\/2019\/04\/Clim-bureau-768x576.jpg 768w, https:\/\/henriot-froid.fr\/wp-content\/uploads\/2019\/04\/Clim-bureau-800x600.jpg 800w\" sizes=\"(max-width: 1024px) 100vw, 1024px\" \/><\/figure><\/li><\/ul>\n","protected":false},"excerpt":{"rendered":"<p>CLIMATISATION TECHNIQUE ET DE CONFORT\u00a0: -Particulier -Salle informatique. -Ensemble de bureaux. -Restaurants. -Petite et Moyenne surface ou industrie. -Imprimeries. -Locaux d\u2019accueil. -Magasins\u00a0: Pr\u00eat-\u00e0-porter, coiffeurs, bijoutiers, magasins alimentaires sp\u00e9cialis\u00e9s. \u00a0 \u00c9tude de vos besoins en climatisation professionnelle. Notre \u00e9quipe commencera par \u00e9tudier vos besoins en mati\u00e8re&#8230;<\/p>\n","protected":false},"author":1,"featured_media":0,"parent":179,"menu_order":0,"comment_status":"closed","ping_status":"closed","template":"","meta":{"footnotes":""},"class_list":["post-20","page","type-page","status-publish","hentry"],"yoast_head":"<!-- This site is optimized with the Yoast SEO plugin v25.6 - https:\/\/yoast.com\/wordpress\/plugins\/seo\/ -->\n<title>CLIMATISATION - HENRIOT FROID SEZANNE<\/title>\n<meta name=\"description\" content=\"Climatisation Sezanne\" \/>\n<meta name=\"robots\" content=\"index, follow, max-snippet:-1, max-image-preview:large, max-video-preview:-1\" \/>\n<link rel=\"canonical\" href=\"https:\/\/henriot-froid.fr\/index.php\/ets-henriot-sas\/climatisation-sezanne\/\" \/>\n<meta property=\"og:locale\" content=\"fr_FR\" \/>\n<meta property=\"og:type\" content=\"article\" \/>\n<meta property=\"og:title\" content=\"CLIMATISATION - HENRIOT FROID SEZANNE\" \/>\n<meta property=\"og:description\" content=\"Climatisation Sezanne\" \/>\n<meta property=\"og:url\" content=\"https:\/\/henriot-froid.fr\/index.php\/ets-henriot-sas\/climatisation-sezanne\/\" \/>\n<meta property=\"og:site_name\" content=\"HENRIOT FROID SEZANNE\" \/>\n<meta property=\"article:modified_time\" content=\"2019-06-13T14:20:38+00:00\" \/>\n<meta property=\"og:image\" content=\"http:\/\/henriot-froid.fr\/wp-content\/uploads\/2019\/04\/IMG_2063.jpg\" \/>\n<meta name=\"twitter:card\" content=\"summary_large_image\" \/>\n<meta name=\"twitter:label1\" content=\"Dur\u00e9e de lecture estim\u00e9e\" \/>\n\t<meta name=\"twitter:data1\" content=\"1 minute\" \/>\n<script type=\"application\/ld+json\" class=\"yoast-schema-graph\">{\"@context\":\"https:\/\/schema.org\",\"@graph\":[{\"@type\":\"WebPage\",\"@id\":\"https:\/\/henriot-froid.fr\/index.php\/ets-henriot-sas\/climatisation-sezanne\/\",\"url\":\"https:\/\/henriot-froid.fr\/index.php\/ets-henriot-sas\/climatisation-sezanne\/\",\"name\":\"CLIMATISATION - HENRIOT FROID SEZANNE\",\"isPartOf\":{\"@id\":\"https:\/\/henriot-froid.fr\/#website\"},\"primaryImageOfPage\":{\"@id\":\"https:\/\/henriot-froid.fr\/index.php\/ets-henriot-sas\/climatisation-sezanne\/#primaryimage\"},\"image\":{\"@id\":\"https:\/\/henriot-froid.fr\/index.php\/ets-henriot-sas\/climatisation-sezanne\/#primaryimage\"},\"thumbnailUrl\":\"http:\/\/henriot-froid.fr\/wp-content\/uploads\/2019\/04\/IMG_2063.jpg\",\"datePublished\":\"2018-03-22T20:15:33+00:00\",\"dateModified\":\"2019-06-13T14:20:38+00:00\",\"description\":\"Climatisation Sezanne\",\"breadcrumb\":{\"@id\":\"https:\/\/henriot-froid.fr\/index.php\/ets-henriot-sas\/climatisation-sezanne\/#breadcrumb\"},\"inLanguage\":\"fr-FR\",\"potentialAction\":[{\"@type\":\"ReadAction\",\"target\":[\"https:\/\/henriot-froid.fr\/index.php\/ets-henriot-sas\/climatisation-sezanne\/\"]}]},{\"@type\":\"ImageObject\",\"inLanguage\":\"fr-FR\",\"@id\":\"https:\/\/henriot-froid.fr\/index.php\/ets-henriot-sas\/climatisation-sezanne\/#primaryimage\",\"url\":\"http:\/\/henriot-froid.fr\/wp-content\/uploads\/2019\/04\/IMG_2063.jpg\",\"contentUrl\":\"http:\/\/henriot-froid.fr\/wp-content\/uploads\/2019\/04\/IMG_2063.jpg\"},{\"@type\":\"BreadcrumbList\",\"@id\":\"https:\/\/henriot-froid.fr\/index.php\/ets-henriot-sas\/climatisation-sezanne\/#breadcrumb\",\"itemListElement\":[{\"@type\":\"ListItem\",\"position\":1,\"name\":\"Accueil\",\"item\":\"https:\/\/henriot-froid.fr\/\"},{\"@type\":\"ListItem\",\"position\":2,\"name\":\"Accueil\",\"item\":\"https:\/\/henriot-froid.fr\/\"},{\"@type\":\"ListItem\",\"position\":3,\"name\":\"CLIMATISATION\"}]},{\"@type\":\"WebSite\",\"@id\":\"https:\/\/henriot-froid.fr\/#website\",\"url\":\"https:\/\/henriot-froid.fr\/\",\"name\":\"HENRIOT FROID SEZANNE\",\"description\":\"\",\"potentialAction\":[{\"@type\":\"SearchAction\",\"target\":{\"@type\":\"EntryPoint\",\"urlTemplate\":\"https:\/\/henriot-froid.fr\/?s={search_term_string}\"},\"query-input\":{\"@type\":\"PropertyValueSpecification\",\"valueRequired\":true,\"valueName\":\"search_term_string\"}}],\"inLanguage\":\"fr-FR\"}]}<\/script>\n<!-- \/ Yoast SEO plugin. -->","yoast_head_json":{"title":"CLIMATISATION - HENRIOT FROID SEZANNE","description":"Climatisation Sezanne","robots":{"index":"index","follow":"follow","max-snippet":"max-snippet:-1","max-image-preview":"max-image-preview:large","max-video-preview":"max-video-preview:-1"},"canonical":"https:\/\/henriot-froid.fr\/index.php\/ets-henriot-sas\/climatisation-sezanne\/","og_locale":"fr_FR","og_type":"article","og_title":"CLIMATISATION - HENRIOT FROID SEZANNE","og_description":"Climatisation Sezanne","og_url":"https:\/\/henriot-froid.fr\/index.php\/ets-henriot-sas\/climatisation-sezanne\/","og_site_name":"HENRIOT FROID SEZANNE","article_modified_time":"2019-06-13T14:20:38+00:00","og_image":[{"url":"http:\/\/henriot-froid.fr\/wp-content\/uploads\/2019\/04\/IMG_2063.jpg","type":"","width":"","height":""}],"twitter_card":"summary_large_image","twitter_misc":{"Dur\u00e9e de lecture estim\u00e9e":"1 minute"},"schema":{"@context":"https:\/\/schema.org","@graph":[{"@type":"WebPage","@id":"https:\/\/henriot-froid.fr\/index.php\/ets-henriot-sas\/climatisation-sezanne\/","url":"https:\/\/henriot-froid.fr\/index.php\/ets-henriot-sas\/climatisation-sezanne\/","name":"CLIMATISATION - HENRIOT FROID SEZANNE","isPartOf":{"@id":"https:\/\/henriot-froid.fr\/#website"},"primaryImageOfPage":{"@id":"https:\/\/henriot-froid.fr\/index.php\/ets-henriot-sas\/climatisation-sezanne\/#primaryimage"},"image":{"@id":"https:\/\/henriot-froid.fr\/index.php\/ets-henriot-sas\/climatisation-sezanne\/#primaryimage"},"thumbnailUrl":"http:\/\/henriot-froid.fr\/wp-content\/uploads\/2019\/04\/IMG_2063.jpg","datePublished":"2018-03-22T20:15:33+00:00","dateModified":"2019-06-13T14:20:38+00:00","description":"Climatisation Sezanne","breadcrumb":{"@id":"https:\/\/henriot-froid.fr\/index.php\/ets-henriot-sas\/climatisation-sezanne\/#breadcrumb"},"inLanguage":"fr-FR","potentialAction":[{"@type":"ReadAction","target":["https:\/\/henriot-froid.fr\/index.php\/ets-henriot-sas\/climatisation-sezanne\/"]}]},{"@type":"ImageObject","inLanguage":"fr-FR","@id":"https:\/\/henriot-froid.fr\/index.php\/ets-henriot-sas\/climatisation-sezanne\/#primaryimage","url":"http:\/\/henriot-froid.fr\/wp-content\/uploads\/2019\/04\/IMG_2063.jpg","contentUrl":"http:\/\/henriot-froid.fr\/wp-content\/uploads\/2019\/04\/IMG_2063.jpg"},{"@type":"BreadcrumbList","@id":"https:\/\/henriot-froid.fr\/index.php\/ets-henriot-sas\/climatisation-sezanne\/#breadcrumb","itemListElement":[{"@type":"ListItem","position":1,"name":"Accueil","item":"https:\/\/henriot-froid.fr\/"},{"@type":"ListItem","position":2,"name":"Accueil","item":"https:\/\/henriot-froid.fr\/"},{"@type":"ListItem","position":3,"name":"CLIMATISATION"}]},{"@type":"WebSite","@id":"https:\/\/henriot-froid.fr\/#website","url":"https:\/\/henriot-froid.fr\/","name":"HENRIOT FROID SEZANNE","description":"","potentialAction":[{"@type":"SearchAction","target":{"@type":"EntryPoint","urlTemplate":"https:\/\/henriot-froid.fr\/?s={search_term_string}"},"query-input":{"@type":"PropertyValueSpecification","valueRequired":true,"valueName":"search_term_string"}}],"inLanguage":"fr-FR"}]}},"_links":{"self":[{"href":"https:\/\/henriot-froid.fr\/index.php\/wp-json\/wp\/v2\/pages\/20"}],"collection":[{"href":"https:\/\/henriot-froid.fr\/index.php\/wp-json\/wp\/v2\/pages"}],"about":[{"href":"https:\/\/henriot-froid.fr\/index.php\/wp-json\/wp\/v2\/types\/page"}],"author":[{"embeddable":true,"href":"https:\/\/henriot-froid.fr\/index.php\/wp-json\/wp\/v2\/users\/1"}],"replies":[{"embeddable":true,"href":"https:\/\/henriot-froid.fr\/index.php\/wp-json\/wp\/v2\/comments?post=20"}],"version-history":[{"count":9,"href":"https:\/\/henriot-froid.fr\/index.php\/wp-json\/wp\/v2\/pages\/20\/revisions"}],"predecessor-version":[{"id":234,"href":"https:\/\/henriot-froid.fr\/index.php\/wp-json\/wp\/v2\/pages\/20\/revisions\/234"}],"up":[{"embeddable":true,"href":"https:\/\/henriot-froid.fr\/index.php\/wp-json\/wp\/v2\/pages\/179"}],"wp:attachment":[{"href":"https:\/\/henriot-froid.fr\/index.php\/wp-json\/wp\/v2\/media?parent=20"}],"curies":[{"name":"wp","href":"https:\/\/api.w.org\/{rel}","templated":true}]}}

<p><strong>CLIMATISATION TECHNIQUE ET DE CONFORT :</strong></p>
<p>-Particulier</p>
<p>-Salle informatique.</p>
<p>-Ensemble de bureaux.</p>
<p>-Restaurants.</p>
<p>-Petite et Moyenne surface ou industrie.</p>
<p>-Imprimeries.</p>
<p>-Locaux d’accueil.</p>
<p>-Magasins : Prêt-à-porter, coiffeurs, bijoutiers, magasins alimentaires spécialisés.</p>
<p> </p>
<p>Étude de vos besoins en climatisation professionnelle.</p>
<p>Notre équipe commencera par étudier vos besoins en matière de climatisation professionnelle sur SEZANNE. Les applications peuvent en effet être variées. Une climatisation professionnelle peut simplement être utilisée pour vos bureaux. En parallèle, un système de climatisation peut servir pour votre salle informatique ou pour d’autres besoins professionnels. Chaque secteur d’activité présente des besoins spécifiques. Toutefois, notre expérience nous permet de connaître les spécificités de la plupart d’entre eux. En tout cas, la définition précise de vos besoins est indispensable pour la constitution d’une proposition parfaitement adaptée.</p>
<p> </p>


<ul class="wp-block-gallery columns-4 wp-block-gallery-1 is-layout-flex wp-block-gallery-is-layout-flex"><li class="blocks-gallery-item"><figure><img loading="lazy" decoding="async" width="555" height="416" src="http://henriot-froid.fr/wp-content/uploads/2019/04/IMG_2063.jpg" alt="" data-id="117" data-link="http://henriot-froid.fr/index.php/climatisation/img_2063/" class="wp-image-117" srcset="https://henriot-froid.fr/wp-content/uploads/2019/04/IMG_2063.jpg 555w, https://henriot-froid.fr/wp-content/uploads/2019/04/IMG_2063-300x225.jpg 300w" sizes="(max-width: 555px) 100vw, 555px" /></figure></li><li class="blocks-gallery-item"><figure><img loading="lazy" decoding="async" width="1024" height="768" src="http://henriot-froid.fr/wp-content/uploads/2019/04/Pharmacie-Orbin-1-1024x768.jpg" alt="" data-id="118" data-link="http://henriot-froid.fr/index.php/climatisation/pharmacie-orbin-1/" class="wp-image-118" srcset="https://henriot-froid.fr/wp-content/uploads/2019/04/Pharmacie-Orbin-1-1024x768.jpg 1024w, https://henriot-froid.fr/wp-content/uploads/2019/04/Pharmacie-Orbin-1-300x225.jpg 300w, https://henriot-froid.fr/wp-content/uploads/2019/04/Pharmacie-Orbin-1-768x576.jpg 768w, https://henriot-froid.fr/wp-content/uploads/2019/04/Pharmacie-Orbin-1-800x600.jpg 800w" sizes="(max-width: 1024px) 100vw, 1024px" /></figure></li><li class="blocks-gallery-item"><figure><img loading="lazy" decoding="async" width="1024" height="768" src="http://henriot-froid.fr/wp-content/uploads/2019/04/Pharmacie-Orbin-1024x768.jpg" alt="" data-id="119" data-link="http://henriot-froid.fr/index.php/climatisation/pharmacie-orbin/" class="wp-image-119" srcset="https://henriot-froid.fr/wp-content/uploads/2019/04/Pharmacie-Orbin-1024x768.jpg 1024w, https://henriot-froid.fr/wp-content/uploads/2019/04/Pharmacie-Orbin-300x225.jpg 300w, https://henriot-froid.fr/wp-content/uploads/2019/04/Pharmacie-Orbin-768x576.jpg 768w, https://henriot-froid.fr/wp-content/uploads/2019/04/Pharmacie-Orbin-800x600.jpg 800w" sizes="(max-width: 1024px) 100vw, 1024px" /></figure></li><li class="blocks-gallery-item"><figure><img loading="lazy" decoding="async" width="1024" height="768" src="http://henriot-froid.fr/wp-content/uploads/2019/04/Clim-bureau-1024x768.jpg" alt="" data-id="149" data-link="http://henriot-froid.fr/index.php/climatisation/clim-bureau/" class="wp-image-149" srcset="https://henriot-froid.fr/wp-content/uploads/2019/04/Clim-bureau-1024x768.jpg 1024w, https://henriot-froid.fr/wp-content/uploads/2019/04/Clim-bureau-300x225.jpg 300w, https://henriot-froid.fr/wp-content/uploads/2019/04/Clim-bureau-768x576.jpg 768w, https://henriot-froid.fr/wp-content/uploads/2019/04/Clim-bureau-800x600.jpg 800w" sizes="(max-width: 1024px) 100vw, 1024px" /></figure></li></ul>

<p>CLIMATISATION TECHNIQUE ET DE CONFORT : -Particulier -Salle informatique. -Ensemble de bureaux. -Restaurants. -Petite et Moyenne surface ou industrie. -Imprimeries. -Locaux d’accueil. -Magasins : Prêt-à-porter, coiffeurs, bijoutiers, magasins alimentaires spécialisés.   Étude de vos besoins en climatisation professionnelle. Notre équipe commencera par étudier vos besoins en matière&#8230;</p>

<!-- This site is optimized with the Yoast SEO plugin v25.6 - https://yoast.com/wordpress/plugins/seo/ -->
<title>CLIMATISATION - HENRIOT FROID SEZANNE</title>
<meta name="description" content="Climatisation Sezanne" />
<meta name="robots" content="index, follow, max-snippet:-1, max-image-preview:large, max-video-preview:-1" />
<link rel="canonical" href="https://henriot-froid.fr/index.php/ets-henriot-sas/climatisation-sezanne/" />
<meta property="og:locale" content="fr_FR" />
<meta property="og:type" content="article" />
<meta property="og:title" content="CLIMATISATION - HENRIOT FROID SEZANNE" />
<meta property="og:description" content="Climatisation Sezanne" />
<meta property="og:url" content="https://henriot-froid.fr/index.php/ets-henriot-sas/climatisation-sezanne/" />
<meta property="og:site_name" content="HENRIOT FROID SEZANNE" />
<meta property="article:modified_time" content="2019-06-13T14:20:38+00:00" />
<meta property="og:image" content="http://henriot-froid.fr/wp-content/uploads/2019/04/IMG_2063.jpg" />
<meta name="twitter:card" content="summary_large_image" />
<meta name="twitter:label1" content="Durée de lecture estimée" />
	<meta name="twitter:data1" content="1 minute" />
<script type="application/ld+json" class="yoast-schema-graph">{"@context":"https://schema.org","@graph":[{"@type":"WebPage","@id":"https://henriot-froid.fr/index.php/ets-henriot-sas/climatisation-sezanne/","url":"https://henriot-froid.fr/index.php/ets-henriot-sas/climatisation-sezanne/","name":"CLIMATISATION - HENRIOT FROID SEZANNE","isPartOf":{"@id":"https://henriot-froid.fr/#website"},"primaryImageOfPage":{"@id":"https://henriot-froid.fr/index.php/ets-henriot-sas/climatisation-sezanne/#primaryimage"},"image":{"@id":"https://henriot-froid.fr/index.php/ets-henriot-sas/climatisation-sezanne/#primaryimage"},"thumbnailUrl":"http://henriot-froid.fr/wp-content/uploads/2019/04/IMG_2063.jpg","datePublished":"2018-03-22T20:15:33+00:00","dateModified":"2019-06-13T14:20:38+00:00","description":"Climatisation Sezanne","breadcrumb":{"@id":"https://henriot-froid.fr/index.php/ets-henriot-sas/climatisation-sezanne/#breadcrumb"},"inLanguage":"fr-FR","potentialAction":[{"@type":"ReadAction","target":["https://henriot-froid.fr/index.php/ets-henriot-sas/climatisation-sezanne/"]}]},{"@type":"ImageObject","inLanguage":"fr-FR","@id":"https://henriot-froid.fr/index.php/ets-henriot-sas/climatisation-sezanne/#primaryimage","url":"http://henriot-froid.fr/wp-content/uploads/2019/04/IMG_2063.jpg","contentUrl":"http://henriot-froid.fr/wp-content/uploads/2019/04/IMG_2063.jpg"},{"@type":"BreadcrumbList","@id":"https://henriot-froid.fr/index.php/ets-henriot-sas/climatisation-sezanne/#breadcrumb","itemListElement":[{"@type":"ListItem","position":1,"name":"Accueil","item":"https://henriot-froid.fr/"},{"@type":"ListItem","position":2,"name":"Accueil","item":"https://henriot-froid.fr/"},{"@type":"ListItem","position":3,"name":"CLIMATISATION"}]},{"@type":"WebSite","@id":"https://henriot-froid.fr/#website","url":"https://henriot-froid.fr/","name":"HENRIOT FROID SEZANNE","description":"","potentialAction":[{"@type":"SearchAction","target":{"@type":"EntryPoint","urlTemplate":"https://henriot-froid.fr/?s={search_term_string}"},"query-input":{"@type":"PropertyValueSpecification","valueRequired":true,"valueName":"search_term_string"}}],"inLanguage":"fr-FR"}]}</script>
<!-- / Yoast SEO plugin. -->
